(1/329). Let q = m + y. What is the units digit of q?
8
Let i(z) = z**2 - 26*z - 27. Let q be i(27). Suppose x + 4*w - 2 = 16, 2*x - 3*w - 36 = q. What is the units digit of x?
8
Let p(l) = 2*l**2 + 119*l - 85. What is the hundreds digit of p(26)?
3
Let q(j) = 7*j - 9*j - 4 + 17*j + 9. Let d be q(-6). What is the tens digit of (-2 + -1)*d/15?
1
Suppose 0 = -14*y + 13*y + 212. Suppose 4*j = -2*z - 100, 4*z + 3*j = j - y. Let p = 97 + z. What is the tens digit of p?
4
Suppose -3*v - 2*j = -3486, 0*j = 3*v - 2*j - 3474. What is the hundreds digit of v?
1
Suppose -11*t + 8*t - 51 = 0. Let r = t - -19. What is the tens digit of (42/5)/(r/5)?
2
Let v = -74 - -104. Suppose 4*u + 2*n - v = 0, 0 = -2*u - u + 3*n. What is the units digit of u/((-5)/3) - -8?
5
Suppose -5*q + 2319 = b, b = -q + 394 + 69. What is the hundreds digit of q?
4
Let q = 27 + -15. Suppose q*w - 8*w - 196 = 0. What is the tens digit of w?
4
Let g(f) = -15*f**3 - 2*f**2 - 14*f - 4. Let y be g(-3). Suppose -5*p = -h + 93, -3*p = -5*h + 2*p + y. What is the units digit of h?
3
Suppose 0 = u - 85 - 107. Let n = 405 - u. What is the units digit of n?
3
Let w be (7/(-3))/((-10)/3 + 3). Suppose -w*l = -56 - 217. What is the tens digit of l?
3
Suppose -4*l - 5*p = l - 45, -5*l - 5 = -5*p. Suppose -10 + 390 = l*h. What is the units digit of h?
5
Let q(o) = -o**2 - 6*o - 4. Let t be 2/10 - 55/25. Let v be q(t). Suppose v*f = 2*f + 70. What is the tens digit of f?
3
Suppose g - 6 = -g - l, -2*g - 5*l + 14 = 0. Suppose 2*f = -g*h + h + 29, 4*f - h = 43. Let n = f - -10. What is the tens digit of n?
2
Let p(l) = l**3 + 12*l**2 + 14*l - 9. Let a(y) = -5*y. Let v be a(2). What is the units digit of p(v)?
1
Suppose 29*q - 35*q = -312. Let i = 61 - q. What is the units digit of i?
9
Let c be ((-28)/(-8))/(1/2). Let s(z) = 9*z - 9. Let n be s(c). Suppose 0*o = 4*j - 4*o - 104, 3*j + 5*o - n = 0. What is the tens digit of j?
2
Let h be (-109)/(-3) + 3/(-9). Let l(t) = 2*t + 2. Let x be l(8). Let n = h - x. What is the tens digit of n?
1
Let w(o) = -2*o**2 - 16*o - 1. Let s be (-28)/4*(-24)/(-28). What is the units digit of w(s)?
3
Let y(n) = -n**2 - 27*n + 889. What is the hundreds digit of y(0)?
8
Let p(i) = -7 + 4 + i**2 - 8*i + 3*i. What is the units digit of p(10)?
7
Suppose 0 = -15*w + 14875 - 2335. What is the hundreds digit of w?
8
Let o(x) = 23*x + 7. Let t be o(6). Let p = 206 - t. What is the units digit of p?
1
Suppose 0 = z - 4 - 0. Suppose -5*f + 73 = 53. Suppose -v - z*b = 2 + 5, -4*b = -f*v + 52. What is the units digit of v?
9
Let t be (24/18)/(2/3). Suppose t*u - 12 - 88 = 0. What is the units digit of 1/((2/u)/1)?
5
Let t = 1248 - 623. What is the hundreds digit of t?
6
Suppose 0 = 3*b - 15, -3*z + 2*b + 46 = b. Let u(p) = -p**2 + 24*p - 29. What is the units digit of u(z)?
0
Let z(f) = -56*f**2 - 2*f + 4. Let l(t) = -t**2 - 1. Let v(q) = -4*l(q) - z(q). What is the tens digit of v(1)?
6
Suppose -5*k - y + 36 = 0, 16 = 4*k + 2*y + 2*y. What is the hundreds digit of (-2)/k + 1971/12?
1
Let v be ((-30)/(-4))/(24/(-32)). Let i be ((-744)/60)/((-2)/v). Let h = -20 - i. What is the units digit of h?
2
Suppose 0 = 2*s + 16 + 18. Let w = 23 + s. Let u(n) = n**2 - 3*n + 15. What is the tens digit of u(w)?
3
Let t be (-2)/1 - (-5 - -1). Suppose 2*f + t*f + 4 = 0. Let n = 2 + f. What is the units digit of n?
1
Suppose p + 360 = 2*t, -4*p - 84 = -4*t + 636. Let g = 299 - t. What is the units digit of g?
9
Suppose 6*g - 2*g - 5*q = 79, 3*q + 9 = 0. Suppose 300 = -13*t + g*t. What is the hundreds digit of t?
1
Let q(h) = -121*h + 252. What is the hundreds digit of q(-7)?
0
Suppose -4*t = 3*r - 5987, 7450 = 12*t - 7*t - 3*r. What is the tens digit of t?
9
Suppose 5*q - 42 = -2*q. What is the units digit of q?
6
Let k(q) = 276*q**2 - 4. Let v be k(-3). Suppose 5*t - 700 - v = 0. What is the tens digit of (-1)/3 + t/18?
3
Let k(l) = 5*l**2 + 17*l - 9. Let n(g) = 11*g**2 + 35*g - 20. Let b(i) = -9*k(i) + 4*n(i). Suppose -46 = 4*x - 2. What is the tens digit of b(x)?
2
Let p = -40 - -42. What is the hundreds digit of 6*(0 - p)/2*-20?
1
Let f = 529 - 525. Let p(o) = 49*o**3 + 2*o**2 + 5*o - 4. Let t be p(-4). What is the tens digit of f/(-30) - t/60?
5
Let a(x) = 6*x**3 + 9*x**2 - 11*x - 1. Let b(m) = m**3 + 1. Let v(c) = a(c) - 5*b(c). Let p be v(-10). What is the tens digit of ((-4)/(-3))/(p/66)?
2
Let b be (-9 - -12)*(-56)/(-3). Let m = -31 + b. What is the units digit of m?
5
Suppose 39307 = 75*p - 364718. What is the hundreds digit of p?
3
Suppose 5*u + 4*r - 71 + 11 = 0, 52 = 4*u + 4*r. Suppose u*n - 149 = 627. What is the tens digit of n?
9
Suppose -3*m + 70 = 2*m. Suppose -101*g = -93*g + 24. Let d = m - g. What is the units digit of d?
7
Let b = 153 + -91. Suppose -5*d + b = -4*d. What is the tens digit of d?
6
Suppose -12 = i - 5*u, -2*u + 3 - 9 = -4*i. Suppose -i*p + 71 = -49. Let o = -22 + p. What is the units digit of o?
8
Suppose -8528 = -4*q - 9*y + 6*y, -4*q + y = -8512. What is the thousands digit of q?
2
Let g(a) = -309*a - 9. Let s(b) = 155*b + 5. Let y(u) = -6*g(u) - 11*s(u). What is the units digit of y(1)?
8
Suppose -146*l = -141*l - 2275. Let v = l + -217. What is the hundreds digit of v?
2
Let c(w) = 23*w - 12. Let q be 5 - -4 - (0 + 1). Let m be c(q). Suppose 2*o = -2*o + m. What is the units digit of o?
3
Suppose 4*h = -5*q + 20, -2*h + 10 = -0*h + 5*q. Suppose 2*o + h*b = 32, 3*b + 18 = 4*o + o. Let g(x) = 12*x - 20. What is the units digit of g(o)?
2
Let b be (-36)/14 + 45/(-105). What is the units digit of (-2653)/(-28) - b/12?
5
Suppose -52*u + 10745 = -17*u. What is the tens digit of u?
0
What is the units digit of (921/614)/(1 - (-3551)/(-3554))?
7
Let r = -222 + 390. Suppose 6*y - 5*y = r. What is the hundreds digit of y?
1
Suppose h = 2*o - 1317, -5*o + 747 = 4*h - 2513. What is the hundreds digit of o?
6
Let p = -154 - -60. What is the tens digit of (p/(-8))/((-3)/(-12))?
4
Let s = -78 - -83. Suppose 0 = -2*j, 4*n - 168 = 2*n - s*j. What is the tens digit of n?
8
Suppose 0 = -56*q + 65*q - 3492. What is the hundreds digit of q?
3
Let k(i) = i + 2. Let l be k(-2). Suppose l = -4*b + 3*h - 5, -5*b = -2*b - 4*h + 9. What is the units digit of (-1 - (-2 + 0))*b?
1
Suppose 0 = -5*v + 1 + 9. Let j be 22/5 + v/(-5). Suppose -j*f + z = -3*z - 68, -z = 5*f - 67. What is the tens digit of f?
1
Let g(t) = t**3 + 8*t**2 + 7*t. Let f be g(-7). Suppose 4*r = -m - 23, f = -5*m + 2*r + 2 - 7. What is the units digit of 9 + (-1 - -5) + m?
0
Suppose 0 = -4*k - 5*o + 45, 0*k - 30 = -k - 5*o. Let w be 22 - (4 - 2 - k). Let z = w + -1. What is the units digit of z?
4
Suppose -5 = 3*c - 4*c. Suppose 2*z - c*z - 6 = -3*n, -5*n - z + 28 = 0. Suppose 94 = 4*l + n*m, 3*l = -2*m - 4 + 71. What is the tens digit of l?
2
Let k(a) = a**3 + 20*a**2 + 8*a - 4. What is the tens digit of k(-7)?
7
Suppose -12*s + 6773 + 31759 = 0. What is the hundreds digit of s?
2
Let q be 2 + (0 + 36)/1. Suppose -151 = -h + q. What is the units digit of h?
9
Let c(a) = -a**2 - 4*a - 1. Let d = -9 + 8. Let l be c(d). Suppose -5*n - 10 = 0, l*n = -3*t + 5*n + 222. What is the units digit of t?
2
Suppose 0 = 7*u - 5*u - 2. Let s be u/(2/(-83))*-2. Suppose 0 = -v + z + 54, -z + s = 3*v - 67. What is the units digit of v?
1
Suppose 0 = -5*h - 0*h. Suppose h = l - 4*l + 357. Suppose 11 = -4*v + l. What is the tens digit of v?
2
Suppose -4*w + 33 = 7*w. Suppose -w*p - 106 = -724. What is the tens digit of p?
0
Let r = 1 + 8. Suppose -3*d - 16 = -4*i, -d + 3*d - i = -r. Let z = 32 - d. What is the units digit of z?
6
Suppose -3*b = 5*z - 450 + 20, -3*z - 4*b + 247 = 0. Suppose -6*f + z = -241. What is the units digit of f?
5
Suppose -6 - 26 = -2*f. Let q = 24 + f. What is the units digit of q?
0
Suppose -8*u + 6714 + 19774 = 0. Suppose -14*z + 3*z = -u. What is the hundreds digit of z?
3
Suppose g + 3 = 3*c, -2*c - 34 = -2*g - 6*c. Let o = g - -29. What is the units digit of o?
8
Let d = 152 - 86. What is the units digit of d?
6
Let k be 132/(-13) - (-6)/39. Let s be (-9 - k) + -1*1. Suppose 3*g - 94 + 4 = s. What is the units digit of g?
0
Let n(y) = y**3 + 5*y**2 - 9*y - 15. Let h be n(-6). Suppose -28*w + 24*w = 0. Suppose w = -h*a + 14 - 11. What is the units digit of a?
1
Let n(r) = 22*r**2 - 23*r + 109. What is 